{"id":2063,"date":"2026-02-06T18:24:01","date_gmt":"2026-02-06T18:24:01","guid":{"rendered":"https:\/\/agtintalimon.com\/campus\/?page_id=2063"},"modified":"2026-02-07T14:59:28","modified_gmt":"2026-02-07T14:59:28","slug":"landingwp","status":"publish","type":"page","link":"https:\/\/agtintalimon.com\/campus\/landingwp\/","title":{"rendered":"landingwp"},"content":{"rendered":"\t\t<div data-elementor-type=\"wp-page\" data-elementor-id=\"2063\" class=\"elementor elementor-2063\">\n\t\t\t\t<div class=\"elementor-element elementor-element-8ca969a e-flex e-con-boxed e-con e-parent\" data-id=\"8ca969a\" data-element_type=\"container\" data-e-type=\"container\">\n\t\t\t\t\t<div class=\"e-con-inner\">\n\t\t\t\t<div class=\"elementor-element elementor-element-c4fea18 elementor-widget elementor-widget-heading\" data-id=\"c4fea18\" data-element_type=\"widget\" data-e-type=\"widget\" data-widget_type=\"heading.default\">\n\t\t\t\t\t<h2 class=\"elementor-heading-title elementor-size-default\">Curso de WordPress<\/h2>\t\t\t\t<\/div>\n\t\t\t\t<div class=\"elementor-element elementor-element-7cd45a3 elementor-widget elementor-widget-heading\" data-id=\"7cd45a3\" data-element_type=\"widget\" data-e-type=\"widget\" data-widget_type=\"heading.default\">\n\t\t\t\t\t<h2 class=\"elementor-heading-title elementor-size-default\">Crea Sitios Web Profesionales desde Cero<\/h2>\t\t\t\t<\/div>\n\t\t\t\t<div class=\"elementor-element elementor-element-ed33a90 elementor-widget elementor-widget-image\" data-id=\"ed33a90\" data-element_type=\"widget\" data-e-type=\"widget\" data-widget_type=\"image.default\">\n\t\t\t\t\t\t\t\t\t\t\t\t\t\t\t<img fetchpriority=\"high\" decoding=\"async\" width=\"640\" height=\"384\" src=\"https:\/\/agtintalimon.com\/campus\/wp-content\/uploads\/2026\/02\/unnamed-1024x615.png\" class=\"attachment-large size-large wp-image-2066\" alt=\"\" srcset=\"https:\/\/agtintalimon.com\/campus\/wp-content\/uploads\/2026\/02\/unnamed-1024x615.png 1024w, https:\/\/agtintalimon.com\/campus\/wp-content\/uploads\/2026\/02\/unnamed-300x180.png 300w, https:\/\/agtintalimon.com\/campus\/wp-content\/uploads\/2026\/02\/unnamed-768x461.png 768w, https:\/\/agtintalimon.com\/campus\/wp-content\/uploads\/2026\/02\/unnamed.png 1238w\" sizes=\"(max-width: 640px) 100vw, 640px\" \/>\t\t\t\t\t\t\t\t\t\t\t\t\t\t\t<\/div>\n\t\t\t\t<div class=\"elementor-element elementor-element-cc67dc3 elementor-widget elementor-widget-heading\" data-id=\"cc67dc3\" data-element_type=\"widget\" data-e-type=\"widget\" data-widget_type=\"heading.default\">\n\t\t\t\t\t<h2 class=\"elementor-heading-title elementor-size-default\">Aprend\u00e9 a dise\u00f1ar y desarrollar sitios web con WordPress, una de las plataformas m\u00e1s poderosas y populares del mundo.<\/h2>\t\t\t\t<\/div>\n\t\t\t\t<div class=\"elementor-element elementor-element-0509160 elementor-widget elementor-widget-heading\" data-id=\"0509160\" data-element_type=\"widget\" data-e-type=\"widget\" data-widget_type=\"heading.default\">\n\t\t\t\t\t<h2 class=\"elementor-heading-title elementor-size-default\">Constru\u00ed un sitio web completamente funcional<\/h2>\t\t\t\t<\/div>\n\t\t\t\t<div class=\"elementor-element elementor-element-fc52584 elementor-widget elementor-widget-heading\" data-id=\"fc52584\" data-element_type=\"widget\" data-e-type=\"widget\" data-widget_type=\"heading.default\">\n\t\t\t\t\t<h2 class=\"elementor-heading-title elementor-size-default\">Este curso est\u00e1 dise\u00f1ado tanto para principiantes como para quienes ya tienen conocimientos b\u00e1sicos y desean llevar sus habilidades al siguiente nivel.<\/h2>\t\t\t\t<\/div>\n\t\t\t\t\t<\/div>\n\t\t\t\t<\/div>\n\t\t<div class=\"elementor-element elementor-element-0f584c6 e-flex e-con-boxed e-con e-parent\" data-id=\"0f584c6\" data-element_type=\"container\" data-e-type=\"container\" data-settings=\"{&quot;background_background&quot;:&quot;classic&quot;}\">\n\t\t\t\t\t<div class=\"e-con-inner\">\n\t\t\t\t<div class=\"elementor-element elementor-element-ac28a6a elementor-widget elementor-widget-heading\" data-id=\"ac28a6a\" data-element_type=\"widget\" data-e-type=\"widget\" data-widget_type=\"heading.default\">\n\t\t\t\t\t<h2 class=\"elementor-heading-title elementor-size-default\">Con ejercicios pr\u00e1cticos y recursos descargables<\/h2>\t\t\t\t<\/div>\n\t\t\t\t<div class=\"elementor-element elementor-element-02d5c57 elementor-widget elementor-widget-heading\" data-id=\"02d5c57\" data-element_type=\"widget\" data-e-type=\"widget\" data-widget_type=\"heading.default\">\n\t\t\t\t\t<h2 class=\"elementor-heading-title elementor-size-default\">08 horas Duraci\u00f3n<\/h2>\t\t\t\t<\/div>\n\t\t\t\t\t<\/div>\n\t\t\t\t<\/div>\n\t\t<div class=\"elementor-element elementor-element-d31bb12 e-flex e-con-boxed e-con e-parent\" data-id=\"d31bb12\" data-element_type=\"container\" data-e-type=\"container\">\n\t\t\t\t\t<div class=\"e-con-inner\">\n\t\t\t\t<div class=\"elementor-element elementor-element-2213c2f elementor-widget elementor-widget-text-editor\" data-id=\"2213c2f\" data-element_type=\"widget\" data-e-type=\"widget\" data-widget_type=\"text-editor.default\">\n\t\t\t\t\t\t\t\t\t<div class=\"elementor-element elementor-element-1881c461 elementor-widget elementor-widget-ct_fancy_box\" data-id=\"1881c461\" data-element_type=\"widget\" data-widget_type=\"ct_fancy_box.default\"><div class=\"elementor-widget-container\"><div class=\"ct-fancy-box ct-fancy-box-layout1 \" data-wow-delay=\"ms\"><div class=\"item--icon\">\u00a0<\/div><div class=\"item--meta\"><h1 class=\"item--title\">\u00bfQu\u00e9 aprender\u00e1s?<\/h1><div class=\"item--description\">\u00a0<\/div><\/div><\/div><\/div><\/div><div class=\"elementor-element elementor-element-eb0702e elementor-widget elementor-widget-ct_text_editor\" data-id=\"eb0702e\" data-element_type=\"widget\" data-widget_type=\"ct_text_editor.default\"><div class=\"elementor-widget-container\"><div id=\"ct_text_editor-eb0702e\" class=\"ct-text-editor \" data-wow-delay=\"ms\"><div class=\"ct-text-editor elementor-clearfix\"><p><strong>M\u00f3dulos: Introducci\u00f3n a WordPress y Fundamentos del Dise\u00f1o Web<\/strong><\/p><h5><strong>Clase 1: Introducci\u00f3n a WordPress\u00a0<\/strong><\/h5><p><strong>Duraci\u00f3n:<\/strong>\u00a02 horas\/\u00a0<b>TP1\u00a0<\/b><\/p><p>\u00bfQu\u00e9 es WordPress?<\/p><p>Diferencias entre WordPress.com y WordPress.org.<\/p><p>Instalaci\u00f3n de WordPress (servidor).<\/p><p>Creacion de mi primer Blog (Entradas, categorias y etiquetas)<\/p><p>Creaci\u00f3n men\u00fa\/ Medios<\/p><div><h5>\u00a0<\/h5><h5>Clase 2: Personalizaci\u00f3n\u00a0<\/h5><h5>Duraci\u00f3n:\u00a02 horas\/\u00a0TP2<\/h5><\/div><p>Configuraci\u00f3n b\u00e1sica: temas y plugins.<\/p><p>Personalizaci\u00f3n de la apariencia.<\/p><p>Introducci\u00f3n a la estructura de un sitio web.<\/p><p>Maquetaci\u00f3n web \/ UX\/ Brief\u00a0<\/p><div><strong>Clase 3: Dise\u00f1o Web\u00a0<\/strong>parte 1<\/div><p><strong>Duraci\u00f3n:<\/strong>\u00a02 horas\/\u00a0TP3<\/p><p>\u00bfQu\u00e9 es Elementor y por qu\u00e9 utilizarlo?<\/p><p>Diferencias entre Elementor Free y Elementor Pro.<\/p><p>Instalaci\u00f3n y activaci\u00f3n de Elementor en WordPress.<\/p><p>Vista previa y ajustes globales.<\/p><p>Barra lateral de Elementor.<\/p><p>Crear una p\u00e1gina desde cero con Elementor.<\/p><p>Estructura de la p\u00e1gina: secciones, columnas y widgets.<\/p><p>Personalizaci\u00f3n de contenido: agregar y modificar t\u00edtulos, texto, im\u00e1genes, videos y botones.<\/p><h5>\u00a0<\/h5><h5><strong>Clase 4: Dise\u00f1o Web parte 2<br \/><\/strong>Duraci\u00f3n:\u00a02 horas\/\u00a0TP4<\/h5><p>Uso de plantillas predefinidas de Elementor.<\/p><p>Guardar y reutilizar plantillas propias.<\/p><p>Importar y exportar plantillas para otros proyectos.<\/p><p>Integraciones con plugins y herramientas externas<\/p><p>Principios del dise\u00f1o responsive.<\/p><p>Optimizaci\u00f3n de sitios web para diferentes dispositivos.<\/p><h5>\u00a0<\/h5><h5><strong>Proyecto Final: Sitio web funcional\u00a0<\/strong><\/h5><div style=\"text-align: center;\">El curso culmina con la creaci\u00f3n de un sitio web completo, donde aplicar\u00e1s todos los conocimientos adquiridos en dise\u00f1o, estructura, navegaci\u00f3n y publicaci\u00f3n.<\/div><\/div><\/div><\/div><div>\u00a0<\/div><\/div>\t\t\t\t\t\t\t\t<\/div>\n\t\t\t\t\t<\/div>\n\t\t\t\t<\/div>\n\t\t<div class=\"elementor-element elementor-element-233222a e-flex e-con-boxed e-con e-parent\" data-id=\"233222a\" data-element_type=\"container\" data-e-type=\"container\" data-settings=\"{&quot;background_background&quot;:&quot;classic&quot;}\">\n\t\t\t\t\t<div class=\"e-con-inner\">\n\t\t\t\t<div class=\"elementor-element elementor-element-37bc270 elementor-widget elementor-widget-heading\" data-id=\"37bc270\" data-element_type=\"widget\" data-e-type=\"widget\" data-widget_type=\"heading.default\">\n\t\t\t\t\t<h2 class=\"elementor-heading-title elementor-size-default\">CUPOS LIMITADOS!!!!<\/h2>\t\t\t\t<\/div>\n\t\t\t\t<div class=\"elementor-element elementor-element-bdae635 elementor-widget elementor-widget-heading\" data-id=\"bdae635\" data-element_type=\"widget\" data-e-type=\"widget\" data-widget_type=\"heading.default\">\n\t\t\t\t\t<h2 class=\"elementor-heading-title elementor-size-default\">Inicia 10 marzo 2026<\/h2>\t\t\t\t<\/div>\n\t\t\t\t<div class=\"elementor-element elementor-element-5e4d2fb elementor-widget elementor-widget-heading\" data-id=\"5e4d2fb\" data-element_type=\"widget\" data-e-type=\"widget\" data-widget_type=\"heading.default\">\n\t\t\t\t\t<h2 class=\"elementor-heading-title elementor-size-default\">Utiliza el cup\u00f3n de 10%<\/h2>\t\t\t\t<\/div>\n\t\t\t\t<div class=\"elementor-element elementor-element-603948a premium-floating-effects-yes elementor-widget elementor-widget-heading\" data-id=\"603948a\" data-element_type=\"widget\" data-e-type=\"widget\" data-settings=\"{&quot;premium_fe_scale_switcher&quot;:&quot;yes&quot;,&quot;premium_fe_Xscale&quot;:{&quot;unit&quot;:&quot;px&quot;,&quot;size&quot;:&quot;&quot;,&quot;sizes&quot;:{&quot;from&quot;:0.9,&quot;to&quot;:1.1}},&quot;premium_fe_trigger&quot;:&quot;load&quot;,&quot;premium_fe_Yscale&quot;:{&quot;unit&quot;:&quot;px&quot;,&quot;size&quot;:&quot;&quot;,&quot;sizes&quot;:{&quot;from&quot;:1,&quot;to&quot;:1.2}},&quot;premium_fe_scale_duration&quot;:{&quot;unit&quot;:&quot;px&quot;,&quot;size&quot;:1000,&quot;sizes&quot;:[]},&quot;premium_fe_scale_delay&quot;:{&quot;unit&quot;:&quot;px&quot;,&quot;size&quot;:&quot;&quot;,&quot;sizes&quot;:[]},&quot;premium_fe_direction&quot;:&quot;alternate&quot;,&quot;premium_fe_loop&quot;:&quot;default&quot;,&quot;premium_fe_easing&quot;:&quot;easeInOutSine&quot;}\" data-widget_type=\"heading.default\">\n\t\t\t\t\t<h2 class=\"elementor-heading-title elementor-size-default\">SUPERATE<\/h2>\t\t\t\t<\/div>\n\t\t\t\t<div class=\"elementor-element elementor-element-def1d2f elementor-align-center elementor-widget elementor-widget-button\" data-id=\"def1d2f\" data-element_type=\"widget\" data-e-type=\"widget\" data-widget_type=\"button.default\">\n\t\t\t\t\t\t\t\t\t\t<a class=\"elementor-button elementor-button-link elementor-size-sm\" href=\"https:\/\/agtintalimon.com\/campus\/cursos\/wordpress-for-beginners-master-wordpress-quickly-2\/\">\n\t\t\t\t\t\t<span class=\"elementor-button-content-wrapper\">\n\t\t\t\t\t\t\t\t\t<span class=\"elementor-button-text\">VER M\u00c1S<\/span>\n\t\t\t\t\t<\/span>\n\t\t\t\t\t<\/a>\n\t\t\t\t\t\t\t\t<\/div>\n\t\t\t\t\t<\/div>\n\t\t\t\t<\/div>\n\t\t\t\t<\/div>\n\t\t","protected":false},"excerpt":{"rendered":"<p>Curso de WordPress Crea Sitios Web Profesionales desde Cero Aprend\u00e9 a dise\u00f1ar y desarrollar sitios web con WordPress, una de las plataformas m\u00e1s poderosas y [&hellip;]<\/p>\n","protected":false},"author":1,"featured_media":0,"parent":0,"menu_order":0,"comment_status":"closed","ping_status":"closed","template":"elementor_canvas","meta":{"footnotes":""},"class_list":["post-2063","page","type-page","status-publish","hentry"],"_hostinger_reach_plugin_has_subscription_block":false,"_hostinger_reach_plugin_is_elementor":false,"_links":{"self":[{"href":"https:\/\/agtintalimon.com\/campus\/wp-json\/wp\/v2\/pages\/2063","targetHints":{"allow":["GET"]}}],"collection":[{"href":"https:\/\/agtintalimon.com\/campus\/wp-json\/wp\/v2\/pages"}],"about":[{"href":"https:\/\/agtintalimon.com\/campus\/wp-json\/wp\/v2\/types\/page"}],"author":[{"embeddable":true,"href":"https:\/\/agtintalimon.com\/campus\/wp-json\/wp\/v2\/users\/1"}],"replies":[{"embeddable":true,"href":"https:\/\/agtintalimon.com\/campus\/wp-json\/wp\/v2\/comments?post=2063"}],"version-history":[{"count":40,"href":"https:\/\/agtintalimon.com\/campus\/wp-json\/wp\/v2\/pages\/2063\/revisions"}],"predecessor-version":[{"id":2106,"href":"https:\/\/agtintalimon.com\/campus\/wp-json\/wp\/v2\/pages\/2063\/revisions\/2106"}],"wp:attachment":[{"href":"https:\/\/agtintalimon.com\/campus\/wp-json\/wp\/v2\/media?parent=2063"}],"curies":[{"name":"wp","href":"https:\/\/api.w.org\/{rel}","templated":true}]}}